{"id":224,"date":"2012-02-05T20:48:34","date_gmt":"2012-02-05T20:48:34","guid":{"rendered":"http:\/\/www.aepeb.be\/aepeb\/?page_id=224"},"modified":"2018-06-08T12:28:20","modified_gmt":"2018-06-08T12:28:20","slug":"couillet","status":"publish","type":"page","link":"https:\/\/www.aepeb.be\/aepeb\/couillet\/","title":{"rendered":"Couillet"},"content":{"rendered":"<p style=\"text-align: center;\">L'\u00e9glise est situ\u00e9e :<\/p>\n<p><img loading=\"lazy\" decoding=\"async\" class=\"aligncenter size-full wp-image-1987\" src=\"http:\/\/www.aepeb.be\/aepeb\/wp-content\/uploads\/2018\/06\/devanture_epec.jpg\" alt=\"\" width=\"769\" height=\"683\" srcset=\"https:\/\/www.aepeb.be\/aepeb\/wp-content\/uploads\/2018\/06\/devanture_epec.jpg 769w, https:\/\/www.aepeb.be\/aepeb\/wp-content\/uploads\/2018\/06\/devanture_epec-300x266.jpg 300w, https:\/\/www.aepeb.be\/aepeb\/wp-content\/uploads\/2018\/06\/devanture_epec-768x682.jpg 768w\" sizes=\"auto, (max-width: 769px) 100vw, 769px\" \/><\/p>\n<p style=\"text-align: center;\"><span style=\"color: #800000;\"><strong>Rue Emile Vandervelde, 13 - 6010 Couillet <\/strong><\/span><\/p>\n<p style=\"text-align: center;\">Le culte est c\u00e9l\u00e9br\u00e9 :<\/p>\n<p style=\"text-align: center;\" align=\"center\"><strong><span style=\"color: #800000;\">le dimanche \u00e0 10h00\u00a0<\/span><\/strong><\/p>\n<p style=\"text-align: center;\">Pour plus d'informations, contacter :<img loading=\"lazy\" decoding=\"async\" class=\"aligncenter size-full wp-image-1985\" src=\"http:\/\/www.aepeb.be\/aepeb\/wp-content\/uploads\/2018\/06\/IMG_0397.jpg\" alt=\"\" width=\"1420\" height=\"949\" srcset=\"https:\/\/www.aepeb.be\/aepeb\/wp-content\/uploads\/2018\/06\/IMG_0397.jpg 1420w, https:\/\/www.aepeb.be\/aepeb\/wp-content\/uploads\/2018\/06\/IMG_0397-300x200.jpg 300w, https:\/\/www.aepeb.be\/aepeb\/wp-content\/uploads\/2018\/06\/IMG_0397-768x513.jpg 768w, https:\/\/www.aepeb.be\/aepeb\/wp-content\/uploads\/2018\/06\/IMG_0397-1024x684.jpg 1024w, https:\/\/www.aepeb.be\/aepeb\/wp-content\/uploads\/2018\/06\/IMG_0397-600x400.jpg 600w, https:\/\/www.aepeb.be\/aepeb\/wp-content\/uploads\/2018\/06\/IMG_0397-150x100.jpg 150w, https:\/\/www.aepeb.be\/aepeb\/wp-content\/uploads\/2018\/06\/IMG_0397-320x213.jpg 320w\" sizes=\"auto, (max-width: 1420px) 100vw, 1420px\" \/><\/p>\n<p style=\"text-align: center;\"><strong><span style=\"color: #800000;\">Le Pasteur Laurent Cayron<\/span><\/strong><\/p>\n<p style=\"text-align: center;\">Pour le contacter, veuillez changer \"pr\u00e9nom\" et \"nom\"<br \/>\ndans le mail ci-apr\u00e8s\u00a0par le pr\u00e9nom et le nom indiqu\u00e9 ci-dessus*<\/p>\n<p style=\"text-align: center;\" align=\"center\"><a href=\"mailto:prenom.nom@aepeb.be\" target=\"_blank\" rel=\"noopener\">prenom.nom@aepeb.be<\/a><\/p>\n<p style=\"text-align: center;\"><em>*Ceci pour lutter contre le spamming<\/em><\/p>\n<p style=\"text-align: center;\">Le site internet de l'\u00e9glise :<\/p>\n<p style=\"text-align: center;\"><a href=\"http:\/\/epec.be\/\" target=\"_blank\" rel=\"noopener\">epec.be<\/a><\/p>\n<p><iframe loading=\"lazy\" src=\"http:\/\/maps.google.be\/maps?f=q&amp;source=s_q&amp;hl=fr&amp;geocode=&amp;q=Rue+Emile+Vandervelde,+13+%E2%80%93+6010+Couillet&amp;aq=&amp;sll=50.405625,4.531281&amp;sspn=0.005265,0.016512&amp;ie=UTF8&amp;hq=&amp;hnear=Rue+Emile+Vandervelde+13,+6010+Charleroi,+Hainaut,+R%C3%A9gion+Wallonne&amp;t=m&amp;z=14&amp;iwloc=A&amp;output=embed\" width=\"565\" height=\"450\" frameborder=\"0\" marginwidth=\"0\" marginheight=\"0\" scrolling=\"no\"><\/iframe><br \/>\n<small><a style=\"color: #0000ff; text-align: left;\" href=\"http:\/\/maps.google.be\/maps?f=q&amp;source=embed&amp;hl=fr&amp;geocode=&amp;q=Rue+Emile+Vandervelde,+13+%E2%80%93+6010+Couillet&amp;aq=&amp;sll=50.405625,4.531281&amp;sspn=0.005265,0.016512&amp;ie=UTF8&amp;hq=&amp;hnear=Rue+Emile+Vandervelde+13,+6010+Charleroi,+Hainaut,+R%C3%A9gion+Wallonne&amp;t=m&amp;z=14&amp;iwloc=A\">Agrandir le plan<\/a><\/small><\/p>\n","protected":false},"excerpt":{"rendered":"<p>L&rsquo;\u00e9glise est situ\u00e9e : Rue Emile Vandervelde, 13 &#8211; 6010 Couillet Le culte est c\u00e9l\u00e9br\u00e9 : le dimanche \u00e0 10h00\u00a0 Pour plus d&rsquo;informations, contacter : Le Pasteur Laurent Cayron Pour le contacter, veuillez changer \u00ab\u00a0pr\u00e9nom\u00a0\u00bb et \u00ab\u00a0nom\u00a0\u00bb dans le mail ci-apr\u00e8s\u00a0par le pr\u00e9nom et le nom indiqu\u00e9 ci-dessus* prenom.nom@aepeb.be *Ceci pour lutter contre le spamming [&hellip;]<\/p>\n","protected":false},"author":1,"featured_media":0,"parent":0,"menu_order":41,"comment_status":"closed","ping_status":"closed","template":"","meta":{"ocean_post_layout":"","ocean_both_sidebars_style":"","ocean_both_sidebars_content_width":0,"ocean_both_sidebars_sidebars_width":0,"ocean_sidebar":"","ocean_second_sidebar":"","ocean_disable_margins":"enable","ocean_add_body_class":"","ocean_shortcode_before_top_bar":"","ocean_shortcode_after_top_bar":"","ocean_shortcode_before_header":"","ocean_shortcode_after_header":"","ocean_has_shortcode":"","ocean_shortcode_after_title":"","ocean_shortcode_before_footer_widgets":"","ocean_shortcode_after_footer_widgets":"","ocean_shortcode_before_footer_bottom":"","ocean_shortcode_after_footer_bottom":"","ocean_display_top_bar":"default","ocean_display_header":"default","ocean_header_style":"","ocean_center_header_left_menu":"","ocean_custom_header_template":"","ocean_custom_logo":0,"ocean_custom_retina_logo":0,"ocean_custom_logo_max_width":0,"ocean_custom_logo_tablet_max_width":0,"ocean_custom_logo_mobile_max_width":0,"ocean_custom_logo_max_height":0,"ocean_custom_logo_tablet_max_height":0,"ocean_custom_logo_mobile_max_height":0,"ocean_header_custom_menu":"","ocean_menu_typo_font_family":"","ocean_menu_typo_font_subset":"","ocean_menu_typo_font_size":0,"ocean_menu_typo_font_size_tablet":0,"ocean_menu_typo_font_size_mobile":0,"ocean_menu_typo_font_size_unit":"px","ocean_menu_typo_font_weight":"","ocean_menu_typo_font_weight_tablet":"","ocean_menu_typo_font_weight_mobile":"","ocean_menu_typo_transform":"","ocean_menu_typo_transform_tablet":"","ocean_menu_typo_transform_mobile":"","ocean_menu_typo_line_height":0,"ocean_menu_typo_line_height_tablet":0,"ocean_menu_typo_line_height_mobile":0,"ocean_menu_typo_line_height_unit":"","ocean_menu_typo_spacing":0,"ocean_menu_typo_spacing_tablet":0,"ocean_menu_typo_spacing_mobile":0,"ocean_menu_typo_spacing_unit":"","ocean_menu_link_color":"","ocean_menu_link_color_hover":"","ocean_menu_link_color_active":"","ocean_menu_link_background":"","ocean_menu_link_hover_background":"","ocean_menu_link_active_background":"","ocean_menu_social_links_bg":"","ocean_menu_social_hover_links_bg":"","ocean_menu_social_links_color":"","ocean_menu_social_hover_links_color":"","ocean_disable_title":"default","ocean_disable_heading":"default","ocean_post_title":"","ocean_post_subheading":"","ocean_post_title_style":"","ocean_post_title_background_color":"","ocean_post_title_background":0,"ocean_post_title_bg_image_position":"","ocean_post_title_bg_image_attachment":"","ocean_post_title_bg_image_repeat":"","ocean_post_title_bg_image_size":"","ocean_post_title_height":0,"ocean_post_title_bg_overlay":0.5,"ocean_post_title_bg_overlay_color":"","ocean_disable_breadcrumbs":"default","ocean_breadcrumbs_color":"","ocean_breadcrumbs_separator_color":"","ocean_breadcrumbs_links_color":"","ocean_breadcrumbs_links_hover_color":"","ocean_display_footer_widgets":"default","ocean_display_footer_bottom":"default","ocean_custom_footer_template":"","osh_disable_topbar_sticky":"default","osh_disable_header_sticky":"default","osh_sticky_header_style":"default","osh_sticky_header_effect":"","osh_custom_sticky_logo":0,"osh_custom_retina_sticky_logo":0,"osh_custom_sticky_logo_height":0,"osh_background_color":"","osh_links_color":"","osh_links_hover_color":"","osh_links_active_color":"","osh_links_bg_color":"","osh_links_hover_bg_color":"","osh_links_active_bg_color":"","osh_menu_social_links_color":"","osh_menu_social_hover_links_color":"","footnotes":""},"class_list":["post-224","page","type-page","status-publish","hentry","entry"],"_links":{"self":[{"href":"https:\/\/www.aepeb.be\/aepeb\/wp-json\/wp\/v2\/pages\/224","targetHints":{"allow":["GET"]}}],"collection":[{"href":"https:\/\/www.aepeb.be\/aepeb\/wp-json\/wp\/v2\/pages"}],"about":[{"href":"https:\/\/www.aepeb.be\/aepeb\/wp-json\/wp\/v2\/types\/page"}],"author":[{"embeddable":true,"href":"https:\/\/www.aepeb.be\/aepeb\/wp-json\/wp\/v2\/users\/1"}],"replies":[{"embeddable":true,"href":"https:\/\/www.aepeb.be\/aepeb\/wp-json\/wp\/v2\/comments?post=224"}],"version-history":[{"count":0,"href":"https:\/\/www.aepeb.be\/aepeb\/wp-json\/wp\/v2\/pages\/224\/revisions"}],"wp:attachment":[{"href":"https:\/\/www.aepeb.be\/aepeb\/wp-json\/wp\/v2\/media?parent=224"}],"curies":[{"name":"wp","href":"https:\/\/api.w.org\/{rel}","templated":true}]}}