{"id":248,"date":"2012-02-05T21:03:08","date_gmt":"2012-02-05T21:03:08","guid":{"rendered":"http:\/\/www.aepeb.be\/aepeb\/?page_id=248"},"modified":"2021-09-07T10:05:54","modified_gmt":"2021-09-07T10:05:54","slug":"liege","status":"publish","type":"page","link":"https:\/\/www.aepeb.be\/aepeb\/liege\/","title":{"rendered":"Li\u00e8ge"},"content":{"rendered":"<p style=\"text-align: center;\">L'\u00e9glise est situ\u00e9e :<\/p>\n<p style=\"text-align: center;\"><a href=\"http:\/\/www.aepeb.be\/aepeb\/wp-content\/uploads\/2012\/02\/Egbert2007_2.jpg\"><img loading=\"lazy\" decoding=\"async\" class=\"aligncenter  wp-image-520\" title=\"Eglise de Li\u00e8ge\" src=\"http:\/\/www.aepeb.be\/aepeb\/wp-content\/uploads\/2012\/02\/Egbert2007_2.jpg\" alt=\"\" width=\"491\" height=\"320\" srcset=\"https:\/\/www.aepeb.be\/aepeb\/wp-content\/uploads\/2012\/02\/Egbert2007_2.jpg 630w, https:\/\/www.aepeb.be\/aepeb\/wp-content\/uploads\/2012\/02\/Egbert2007_2-300x195.jpg 300w\" sizes=\"auto, (max-width: 491px) 100vw, 491px\" \/><\/a><\/p>\n<p style=\"text-align: center;\"><span style=\"color: #800000;\"><strong>Rue des Croisiers, 12 - 4000 Li\u00e8ge<\/strong><\/span><\/p>\n<p style=\"text-align: center;\">Le culte est c\u00e9l\u00e9br\u00e9 :<\/p>\n<p style=\"text-align: center;\" align=\"center\"><strong><span style=\"color: #800000;\">le dimanche \u00e0 10h00 <\/span><\/strong><\/p>\n<p style=\"text-align: center;\">Pour plus d'informations, contacter :<\/p>\n<p style=\"text-align: center;\"><strong><span style=\"color: #800000;\">Le Pasteur Martin Braker<br \/>\n<\/span><\/strong><\/p>\n<p style=\"text-align: center;\"><img loading=\"lazy\" decoding=\"async\" class=\"aligncenter size-full wp-image-2403\" src=\"http:\/\/www.aepeb.be\/aepeb\/wp-content\/uploads\/2021\/09\/Martin-Braker.jpg\" alt=\"\" width=\"2010\" height=\"2015\" srcset=\"https:\/\/www.aepeb.be\/aepeb\/wp-content\/uploads\/2021\/09\/Martin-Braker.jpg 2010w, https:\/\/www.aepeb.be\/aepeb\/wp-content\/uploads\/2021\/09\/Martin-Braker-300x300.jpg 300w, https:\/\/www.aepeb.be\/aepeb\/wp-content\/uploads\/2021\/09\/Martin-Braker-1021x1024.jpg 1021w, https:\/\/www.aepeb.be\/aepeb\/wp-content\/uploads\/2021\/09\/Martin-Braker-150x150.jpg 150w, https:\/\/www.aepeb.be\/aepeb\/wp-content\/uploads\/2021\/09\/Martin-Braker-768x770.jpg 768w, https:\/\/www.aepeb.be\/aepeb\/wp-content\/uploads\/2021\/09\/Martin-Braker-1532x1536.jpg 1532w, https:\/\/www.aepeb.be\/aepeb\/wp-content\/uploads\/2021\/09\/Martin-Braker-340x340.jpg 340w, https:\/\/www.aepeb.be\/aepeb\/wp-content\/uploads\/2021\/09\/Martin-Braker-60x60.jpg 60w\" sizes=\"auto, (max-width: 2010px) 100vw, 2010px\" \/><\/p>\n<p>&nbsp;<\/p>\n<p style=\"text-align: center;\">Pour le contacter, veuillez changer \"pr\u00e9nom\" et \"nom\" dans le mail ci-apr\u00e8s\u00a0par le pr\u00e9nom et le nom indiqu\u00e9 ci-dessus*<\/p>\n<p style=\"text-align: center;\" align=\"center\"><a href=\"mailto:prenom.nom@aepeb.be\" target=\"_blank\" rel=\"noopener\">prenom.nom@aepeb.be<\/a><\/p>\n<p style=\"text-align: center;\"><em>*Ceci pour lutter contre le spamming<\/em><\/p>\n<p style=\"text-align: center;\"><strong><span style=\"color: #800000;\">Le site internet de l'\u00e9glise :<\/span><\/strong><\/p>\n<p style=\"text-align: center;\"><a href=\"http:\/\/www.epeliege.be\" target=\"_blank\" rel=\"noopener\">http:\/\/www.epeliege.be<\/a><\/p>\n<p style=\"text-align: center;\"><strong><span style=\"color: #800000;\">Nous trouvez :<\/span><\/strong><\/p>\n<p style=\"text-align: center;\">\n<iframe loading=\"lazy\" style=\"border: 0;\" src=\"https:\/\/www.google.com\/maps\/embed?pb=!1m18!1m12!1m3!1d2530.3512736035195!2d5.575564047281961!3d50.63916703434858!2m3!1f0!2f0!3f0!3m2!1i1024!2i768!4f13.1!3m3!1m2!1s0x47c0fa05efdd1fc7%3A0x5874fe9f703aaf1d!2sRue%20des%20Croisiers%2012%2C%204000%20Li%C3%A8ge!5e0!3m2!1sfr!2sbe!4v1630949075532!5m2!1sfr!2sbe\" width=\"600\" height=\"450\" allowfullscreen=\"allowfullscreen\"><\/iframe><\/p>\n","protected":false},"excerpt":{"rendered":"<p>L&rsquo;\u00e9glise est situ\u00e9e : Rue des Croisiers, 12 &#8211; 4000 Li\u00e8ge Le culte est c\u00e9l\u00e9br\u00e9 : le dimanche \u00e0 10h00 Pour plus d&rsquo;informations, contacter : Le Pasteur Martin Braker &nbsp; Pour le contacter, veuillez changer \u00ab\u00a0pr\u00e9nom\u00a0\u00bb et \u00ab\u00a0nom\u00a0\u00bb dans le mail ci-apr\u00e8s\u00a0par le pr\u00e9nom et le nom indiqu\u00e9 ci-dessus* prenom.nom@aepeb.be *Ceci pour lutter contre le [&hellip;]<\/p>\n","protected":false},"author":1,"featured_media":0,"parent":0,"menu_order":76,"comment_status":"closed","ping_status":"closed","template":"","meta":{"ocean_post_layout":"","ocean_both_sidebars_style":"","ocean_both_sidebars_content_width":0,"ocean_both_sidebars_sidebars_width":0,"ocean_sidebar":"","ocean_second_sidebar":"","ocean_disable_margins":"enable","ocean_add_body_class":"","ocean_shortcode_before_top_bar":"","ocean_shortcode_after_top_bar":"","ocean_shortcode_before_header":"","ocean_shortcode_after_header":"","ocean_has_shortcode":"","ocean_shortcode_after_title":"","ocean_shortcode_before_footer_widgets":"","ocean_shortcode_after_footer_widgets":"","ocean_shortcode_before_footer_bottom":"","ocean_shortcode_after_footer_bottom":"","ocean_display_top_bar":"default","ocean_display_header":"default","ocean_header_style":"","ocean_center_header_left_menu":"","ocean_custom_header_template":"","ocean_custom_logo":0,"ocean_custom_retina_logo":0,"ocean_custom_logo_max_width":0,"ocean_custom_logo_tablet_max_width":0,"ocean_custom_logo_mobile_max_width":0,"ocean_custom_logo_max_height":0,"ocean_custom_logo_tablet_max_height":0,"ocean_custom_logo_mobile_max_height":0,"ocean_header_custom_menu":"","ocean_menu_typo_font_family":"","ocean_menu_typo_font_subset":"","ocean_menu_typo_font_size":0,"ocean_menu_typo_font_size_tablet":0,"ocean_menu_typo_font_size_mobile":0,"ocean_menu_typo_font_size_unit":"px","ocean_menu_typo_font_weight":"","ocean_menu_typo_font_weight_tablet":"","ocean_menu_typo_font_weight_mobile":"","ocean_menu_typo_transform":"","ocean_menu_typo_transform_tablet":"","ocean_menu_typo_transform_mobile":"","ocean_menu_typo_line_height":0,"ocean_menu_typo_line_height_tablet":0,"ocean_menu_typo_line_height_mobile":0,"ocean_menu_typo_line_height_unit":"","ocean_menu_typo_spacing":0,"ocean_menu_typo_spacing_tablet":0,"ocean_menu_typo_spacing_mobile":0,"ocean_menu_typo_spacing_unit":"","ocean_menu_link_color":"","ocean_menu_link_color_hover":"","ocean_menu_link_color_active":"","ocean_menu_link_background":"","ocean_menu_link_hover_background":"","ocean_menu_link_active_background":"","ocean_menu_social_links_bg":"","ocean_menu_social_hover_links_bg":"","ocean_menu_social_links_color":"","ocean_menu_social_hover_links_color":"","ocean_disable_title":"default","ocean_disable_heading":"default","ocean_post_title":"","ocean_post_subheading":"","ocean_post_title_style":"","ocean_post_title_background_color":"","ocean_post_title_background":0,"ocean_post_title_bg_image_position":"","ocean_post_title_bg_image_attachment":"","ocean_post_title_bg_image_repeat":"","ocean_post_title_bg_image_size":"","ocean_post_title_height":0,"ocean_post_title_bg_overlay":0.5,"ocean_post_title_bg_overlay_color":"","ocean_disable_breadcrumbs":"default","ocean_breadcrumbs_color":"","ocean_breadcrumbs_separator_color":"","ocean_breadcrumbs_links_color":"","ocean_breadcrumbs_links_hover_color":"","ocean_display_footer_widgets":"default","ocean_display_footer_bottom":"default","ocean_custom_footer_template":"","osh_disable_topbar_sticky":"default","osh_disable_header_sticky":"default","osh_sticky_header_style":"default","osh_sticky_header_effect":"","osh_custom_sticky_logo":0,"osh_custom_retina_sticky_logo":0,"osh_custom_sticky_logo_height":0,"osh_background_color":"","osh_links_color":"","osh_links_hover_color":"","osh_links_active_color":"","osh_links_bg_color":"","osh_links_hover_bg_color":"","osh_links_active_bg_color":"","osh_menu_social_links_color":"","osh_menu_social_hover_links_color":"","footnotes":""},"class_list":["post-248","page","type-page","status-publish","hentry","entry"],"_links":{"self":[{"href":"https:\/\/www.aepeb.be\/aepeb\/wp-json\/wp\/v2\/pages\/248","targetHints":{"allow":["GET"]}}],"collection":[{"href":"https:\/\/www.aepeb.be\/aepeb\/wp-json\/wp\/v2\/pages"}],"about":[{"href":"https:\/\/www.aepeb.be\/aepeb\/wp-json\/wp\/v2\/types\/page"}],"author":[{"embeddable":true,"href":"https:\/\/www.aepeb.be\/aepeb\/wp-json\/wp\/v2\/users\/1"}],"replies":[{"embeddable":true,"href":"https:\/\/www.aepeb.be\/aepeb\/wp-json\/wp\/v2\/comments?post=248"}],"version-history":[{"count":2,"href":"https:\/\/www.aepeb.be\/aepeb\/wp-json\/wp\/v2\/pages\/248\/revisions"}],"predecessor-version":[{"id":2409,"href":"https:\/\/www.aepeb.be\/aepeb\/wp-json\/wp\/v2\/pages\/248\/revisions\/2409"}],"wp:attachment":[{"href":"https:\/\/www.aepeb.be\/aepeb\/wp-json\/wp\/v2\/media?parent=248"}],"curies":[{"name":"wp","href":"https:\/\/api.w.org\/{rel}","templated":true}]}}